z - 100. Let u(l) = -3*i(l) - 5*t(l). Determine u(-11).
12
Let v(y) = -y**3 - 5*y**2 - 3*y + 2. Let f(z) = -z - 5. Suppose -7 = 5*k + 2*i, 0 = k - 3*i + i - 1. Let p be f(k). Give v(p).
-2
Let h be -1 - (-6)/((-30)/(-25)). Let k(d) = 2 + 6*d + h*d**3 - 5*d - 4*d - 5*d**3 - 4*d**2. Calculate k(-4).
14
Let r(u) = 7*u - 1. Let w be (-4)/18 - -1 - 2/(-9). Give r(w).
6
Let l = 176 - 286. Let c = -105 - l. Let t(a) = a**3 - 6*a**2 + 8*a - 6. Give t(c).
9
Let m = 1 - -2. Let x(n) be the second derivative of -n**4/6 + n**3/3 + n**2/2 - 14*n. Let i(u) be the first derivative of x(u). What is i(m)?
-10
Let q(v) = -3*v**2 - v - 2. Let y = -33 + 35. Suppose -w + y = -2*w. What is q(w)?
-12
Suppose 0 = -9*x + 2*x + 14. Let m(k) = -4*k**2 + 0*k**2 + k**3 + 3*k**x + 5 - 3*k - 3. Give m(3).
11
Let t(i) be the second derivative of -2*i + 0 - 9/2*i**2 + 1/3*i**3. Determine t(6).
3
Let t(w) = -w**2 - 1. Let p(h) = h**2 + 3*h - 4. Let d be p(-4). Suppose -o = -0*v + 4*v + 6, o - v - 4 = d. Calculate t(o).
-5
Let n(f) = f**3 + 8*f**2 - 4*f - 14. Let r = 821 - 829. What is n(r)?
18
Suppose 4*x + 82 = 54. Let n(j) = j**3 + 7*j**2 + 5. Give n(x).
5
Let q = -611 - -617. Let b(r) = r**3 - 5*r**2 - 5*r - 3. Determine b(q).
3
Let n(s) be the first derivative of s**3/3 + 9*s**2/2 + 5*s + 35. Let l(u) = 8*u. Let v = 6 - 7. Let h be l(v). Determine n(h).
-3
Suppose -4*u - 3 = -3*v + 5, -28 = -4*v + u. Let c = 10 - v. Suppose -n = c*n - 3. Let x(i) = 13*i - 1. Calculate x(n).
12
Let i(a) be the first derivative of 8*a - 1/4*a**4 + 1/2*a**2 - 41 - 3*a**3. What is i(-9)?
-1
Let j(q) = 26 - 6*q + 2*q + 3*q + 25 - 55. Let a(w) = -w**3 - 4*w**2 - 3*w - 4. Let g be a(-3). What is j(g)?
0
Let p(j) = 3*j**3 + j**2 + j - 4*j - 2*j**3 - 3. Suppose 1 - 6 = 5*f. Let n be (1 - (2 - 0)) + f. Calculate p(n).
-1
Suppose 3*t + 5 = -1. Let v(k) be the third derivative of -1/30*k**5 - 4*k**2 + 0*k**3 + 0 + 0*k - 1/8*k**4. Determine v(t).
-2
Let l(o) be the third derivative of o**6/60 + 13*o**5/30 + 23*o**4/24 - 13*o**3/6 + 101*o**2 + 1. Calculate l(-12).
-1
Let a(n) = 6*n - 1. Suppose 21 = -7*z + 8*z + 5*p, 3*p - 12 = 0. Determine a(z).
5
Let p(a) = 25*a**3 + 6*a**2 - 13*a + 4. Let y(o) = 19*o**3 + 6*o**2 - 11*o + 3. Let w(x) = -3*p(x) + 4*y(x). What is w(-6)?
30
Let g = -16 + 18. Let s(z) = 2*z + 4*z + 1 - 6*z - g*z. Calculate s(-5).
11
Let b(u) = -u**3 + 3*u**2 - u. Let x(m) = m + 10. Let a be x(0). Suppose -5*g - 11 = -6, -3*n - 26 = -g. Let p = a + n. What is b(p)?
1
Let x(v) be the first derivative of v**3/3 - 6*v**2 + 11*v - 22. Let p(h) = h**2 - h + 11. Let k be p(0). Let m be x(k). Let j(w) = w - 11. Give j(m).
-11
Let h(t) = -2*t**3 + 9*t**2 + 10*t + 4. Let i(v) = 26*v**2 + 29*v - 5*v**3 + 9 + 10 - 6. Let x(j) = 8*h(j) - 3*i(j). Give x(-5).
3
Suppose 4*l = -q + 29, 2*l = 3*q + 6 + 19. Let i(y) = -l*y + 0*y - y - 1 + 10*y. Calculate i(-8).
-9
Let n(k) = -k**2 + 8*k + 10. Let t be n(9). Let m = -5 - t. Let a(y) = -9*y**2 - 3*y + 16. Let b(s) = 5*s**2 + s - 8. Let x(v) = -4*a(v) - 7*b(v). Give x(m).
-2
Let z(d) = -3*d**2 + 7*d - 6. Suppose -4*q = 15*q - 76. Calculate z(q).
-26
Let y(r) = -r**3 - 16*r**2 + r + 13. Let i = 1713 + -1729. Calculate y(i).
-3
Let f(j) = -j**2 + 82*j - 6*j**2 - 78*j - 5 - j**2. What is f(2)?
-29
Let y(o) = o**3 - 5*o**2 - 5*o - 2. Suppose -5*w = -6 - 9. Let s(d) = 6 + 3*d + w*d + 0*d**2 - d**3 + d**2 - 5*d. Let l be s(0). What is y(l)?
4
Let a be 10/(-6)*(-273)/65. Let l(q) = -2*q + 15. Calculate l(a).
1
Let h(j) = j**3 - 5*j**2 - 7*j - 3. Suppose 5*a - 87 = -o, 2*a + 3*o - 5*o - 42 = 0. Suppose -4*m = -r + a, 5*r - 3*r = 3*m + 21. Give h(r).
-9
Suppose -2*m + 4 = 2*p + 2*p, -10 = -2*p - 5*m. Suppose 4*j + l = p, -3*j - 4*l + 5*l = 0. Let h(n) = -n - 15. Give h(j).
-15
Suppose -302*a + 24 = -306*a. Let k(l) = -l**2 - 4*l + 5. What is k(a)?
-7
Let s(b) = 2*b**2 - 2. Suppose -64 = -3*f - f. Suppose w - f = -7*w. Calculate s(w).
6
Let l(n) = 5*n**2 - 2*n - 5. Let g(q) = q**2 - 2*q - 1. Let k(y) = 4*g(y) - l(y). What is k(-6)?
1
Let w(r) be the third derivative of -r**6/120 + r**5/12 - r**4/12 - 7*r**3/3 + 188*r**2. What is w(4)?
-6
Let i(p) = p**3 + 10*p**2 + 5*p + 3. Let k(t) = 2*t**3 + 20*t**2 + 9*t + 7. Let b(s) = 13*i(s) - 6*k(s). Give b(-8).
37
Let h(j) = -j**2 + 24*j - 69. Let x be h(20). Let o(g) = -g + 1. Give o(x).
-10
Let x(c) = 9*c - 2. Let p be 2/4*(-33 + 39). Determine x(p).
25
Suppose 2*h - 23 = 15. Let v(l) = -l - 12 - h + l**2 + 33. What is v(2)?
4
Suppose 5*j = c + 2, -2*c - 4 = 4*j - 0*c. Let l(s) = s**3 + s + 23. Calculate l(j).
23
Let a(v) = 4 + 8*v**2 + 2*v**3 - v**3 - 1 + 0 - v. Give a(-8).
11
Let n(q) = 33*q - 3. Let f(o) = -160*o + 25. Let v(t) = -53*t + 8. Let z(s) = -3*f(s) + 10*v(s). Let r(b) = -8*n(b) - 5*z(b). Give r(-1).
13
Let w(x) = 5*x - 39. Let a be w(8). Suppose 0 = -4*h - h. Let s(r) = -r + a + 5 + h. What is s(-6)?
12
Let o(a) = 1. Let c(l) = -5*l + 4. Let d(p) = c(p) - 2*o(p). Suppose 11*q - 44 = -0. Suppose -5*g = -4*k + 8, q*k - 4*g + 7*g = 8. What is d(k)?
-8
Let j(c) = -5*c**2 - 3. Let a = 1108 + -1106. What is j(a)?
-23
Let o(d) = -2*d - 3. Let w(r) be the second derivative of r**3/6 + r**2/2 + 2*r. Let j(t) = -3*o(t) - 5*w(t). Let l be (29 - 29)*(10/4)/(-5). What is j(l)?
4
Let a(z) = 10 + z - 5 + z**3 - 8*z - 6 + 6*z**2. Let l(r) = r**2 + 6*r + 2. Let q be l(-3). Let h be a(q). Let b(i) = -11*i**2 - 1. Calculate b(h).
-12
Let j(q) be the first derivative of 41 + 1/2*q**2 + 0*q + 2/3*q**3 + 7/4*q**4. Give j(-1).
-6
Let k(y) = 31*y**2 + y. Suppose -5*t = -94 + 89. Calculate k(t).
32
Suppose 4*m + i = 6*i + 20, -4*i = 16. Let a = 13 - 12. Let f = m - a. Let b(s) = 7*s**3 + s**2 + s. Give b(f).
-7
Let v(m) = -2*m + 6. Suppose 3*g - 1 - 14 = 0. Let o be v(g). Let q(r) = r**2 + 5*r + 5. What is q(o)?
1
Let b(d) be the second derivative of 4*d**3/3 + d**2 + 8*d. Let p(s) = -s - 2. Let x be p(-4). Give b(x).
18
Let y(n) = -n**3 + 11*n**2 + n - 1. Let t(a) = 2*a**3 - 24*a**2 - 2*a + 2. Let k(j) = -6*t(j) - 13*y(j). Suppose x = -x + 4. Let r = x - 1. What is k(r)?
2
Let p(z) = -z**3 - z - 11. Let b be (-5)/(-2)*(2 + 0/(-2)). Suppose q - b*q = -q. What is p(q)?
-11
Let s = -38 + 54. Suppose 2*c + 5*u = 17, -3*c + u + s = -u. Let b(w) = -w**2 + 4*w + 1. What is b(c)?
-11
Let y(n) = 24*n + 3 - 14*n + 0*n**2 - 8*n - n**2. Determine y(5).
-12
Let w(i) be the second derivative of -i**5/20 - 7*i**4/12 + 3*i**3/2 - i**2/2 - 2*i + 4. Give w(-8).
-9
Let o(k) = -2*k - 5. Let l(f) = -5*f - 11. Let j(c) = 6*l(c) - 14*o(c). Let h be (5*(5 + -6))/(-1). Give j(h).
-6
Let f(y) = 2*y**2 - 17*y + 16. Let b(o) = -o**2 - o - 1. Let u(l) = b(l) + f(l). Give u(17).
-2
Let n(t) be the second derivative of -t**8/6720 + t**6/240 - t**5/40 - t**4/12 - t. Let u(q) be the third derivative of n(q). Suppose -2*s + 2 = -2. Give u(s).
-5
Let z(c) be the first derivative of -c**2/2 + 52. Give z(-1).
1
Let l = -12 + 14. Suppose -l*f - 2 = -8. Let c(h) = -2*h + f*h**2 + 0 - h**3 + 3*h**2 - 5. Determine c(5).
10
Let s(r) be the second derivative of -r**3/6 + 5*r**2/2 + r - 91. What is s(5)?
0
Let g(c) = 2*c - 6. Suppose 5*x + 0*h = -h - 1081, -1083 = 5*x + 3*h. Let y be (x/16)/(6/(-8)). Suppose -5*u + 2*m = -30, 3*u - m - 3*m = y. Give g(u).
6
Let f(v) = 6*v**3 - v**2 + v - 1. Let c(x) = -9*x**3 + 2*x**2 - 2*x + 2. Let a(q) = c(q) + f(q). Suppose u + 2 = -l, 0 = 3*u + 5*l - 7 + 19. What is a(u)?
-2
Let y(l) be the second derivative of l**3/6 - 2*l**2 - 2*l. Let h be (-10)/4*(-912)/(-380). What is y(h)?
-10
Suppose 3*g + 15 = 0, -11 = -a - 325*g + 326*g. Let s(x) = x - 11. Calculate s(a).
-5
Let i(v) be the first derivative of v**3/3 - 3*v**2/2 - 4*v - 1. Suppose 0 = -c - 5*z - 20, -5*c + 0*z - z = 172. Let u = 41 + c. Calculate i(u).
14
Let n be 2/4 - (-7)/(-14). Suppose 3*x - 2 = 2*c + 21, 3*x + 2*c - 7 = n. Suppose 3*u = -5*w - 28, -x*u - 4*w - 23 = -2*u. Let t(s) = 7*s**2 + s + 1. Give t(u).
7
Let i be (-2 - (4 - 4))/(-2). Let k = i - 4. Let x(h) = -h. Calculate x(k).
3
Let y(m) = 2*m**3 + 3*m**2 + 10*m - 21. Let q be y(7). Let b(w) = -q + 882 - w. Give b(6).
-6
Let a(t) = 1. Let y(o) = 2*o**2 + 7*o + 7. Let p(n) = -a(n) + y(n). Suppose -r + 5 = 0, -7 = 3*c + 2*r - r. Determine p(c).
10
Let w(c) be the third derivative of 0 + 2/3*c**3 - c**2 + 0*c**4 + 1/6*c